{"id":207,"date":"2019-03-26T09:53:15","date_gmt":"2019-03-26T08:53:15","guid":{"rendered":"http:\/\/ib-font.de\/?page_id=207"},"modified":"2024-04-19T18:07:54","modified_gmt":"2024-04-19T16:07:54","slug":"einige-spezialgebiete","status":"publish","type":"page","link":"https:\/\/www.ib-font.de\/?page_id=207","title":{"rendered":"Einige Spezialgebiete"},"content":{"rendered":"\n<div aria-live=\"polite\" id=\"soliloquy-container-383_1\" class=\"soliloquy-container soliloquy-transition-fade  soliloquy-theme-base\" style=\"max-width:1280px;max-height:400px;\"><ul id=\"soliloquy-383_1\" class=\"soliloquy-slider soliloquy-slides soliloquy-wrap soliloquy-clear\"><li aria-hidden=\"true\" class=\"soliloquy-item soliloquy-item-1 soliloquy-image-slide\" draggable=\"false\" style=\"list-style:none\"><img decoding=\"async\" id=\"soliloquy-image-573\" class=\"soliloquy-image soliloquy-image-1\" src=\"https:\/\/www.ib-font.de\/wp-content\/uploads\/2019\/04\/IMG_8823-2_lang-1280x400_c.jpg\" alt=\"IMG_8823 2_lang\" \/><\/li><li aria-hidden=\"true\" class=\"soliloquy-item soliloquy-item-2 soliloquy-image-slide\" draggable=\"false\" style=\"list-style:none\"><img decoding=\"async\" id=\"soliloquy-image-574\" class=\"soliloquy-image soliloquy-image-2\" src=\"https:\/\/www.ib-font.de\/wp-content\/uploads\/2019\/04\/IMG_8840_mod-1280x400_c.jpg\" alt=\"IMG_8840_mod\" \/><\/li><li aria-hidden=\"true\" class=\"soliloquy-item soliloquy-item-3 soliloquy-image-slide\" draggable=\"false\" style=\"list-style:none\"><img decoding=\"async\" id=\"soliloquy-image-576\" class=\"soliloquy-image soliloquy-image-3\" src=\"https:\/\/www.ib-font.de\/wp-content\/uploads\/2019\/04\/IMG_8058a-1-1280x400_c.png\" alt=\"IMG_8058a\" \/><\/li><li aria-hidden=\"true\" class=\"soliloquy-item soliloquy-item-4 soliloquy-image-slide\" draggable=\"false\" style=\"list-style:none\"><img decoding=\"async\" id=\"soliloquy-image-548\" class=\"soliloquy-image soliloquy-image-4\" src=\"https:\/\/www.ib-font.de\/wp-content\/uploads\/2019\/04\/090320-19VS_mod1-1280x400_c.png\" alt=\"090320-19VS_mod1\" \/><\/li><li aria-hidden=\"true\" class=\"soliloquy-item soliloquy-item-5 soliloquy-image-slide\" draggable=\"false\" style=\"list-style:none\"><img decoding=\"async\" id=\"soliloquy-image-572\" class=\"soliloquy-image soliloquy-image-5\" src=\"https:\/\/www.ib-font.de\/wp-content\/uploads\/2019\/04\/IMG_8836c_lang-1280x400_c.jpg\" alt=\"IMG_8836c_lang\" \/><\/li><li aria-hidden=\"true\" class=\"soliloquy-item soliloquy-item-6 soliloquy-image-slide\" draggable=\"false\" style=\"list-style:none\"><img decoding=\"async\" id=\"soliloquy-image-577\" class=\"soliloquy-image soliloquy-image-6\" src=\"https:\/\/www.ib-font.de\/wp-content\/uploads\/2019\/04\/IMG_8790_lang-1280x400_c.jpg\" alt=\"IMG_8790_lang\" \/><\/li><li aria-hidden=\"true\" class=\"soliloquy-item soliloquy-item-7 soliloquy-image-slide\" draggable=\"false\" style=\"list-style:none\"><img decoding=\"async\" id=\"soliloquy-image-407\" class=\"soliloquy-image soliloquy-image-7\" src=\"https:\/\/www.ib-font.de\/wp-content\/uploads\/2019\/04\/IMG_8071a-1280x400_c.png\" alt=\"IMG_8071a\" \/><\/li><li aria-hidden=\"true\" class=\"soliloquy-item soliloquy-item-8 soliloquy-image-slide\" draggable=\"false\" style=\"list-style:none\"><img decoding=\"async\" id=\"soliloquy-image-403\" class=\"soliloquy-image soliloquy-image-8\" src=\"https:\/\/www.ib-font.de\/wp-content\/uploads\/2019\/04\/DSCF9914a-1280x400_c.png\" alt=\"DSCF9914a\" \/><\/li><li aria-hidden=\"true\" class=\"soliloquy-item soliloquy-item-9 soliloquy-image-slide\" draggable=\"false\" style=\"list-style:none\"><img decoding=\"async\" id=\"soliloquy-image-2464\" class=\"soliloquy-image soliloquy-image-9\" src=\"https:\/\/www.ib-font.de\/wp-content\/uploads\/2024\/04\/EX-logo_long.svg_-1280x400_c.png\" alt=\"EX-logo_long.svg\" \/><\/li><\/ul><\/div><noscript><style type=\"text\/css\">#soliloquy-container-383_1{opacity:1}<\/style><\/noscript>\n\n\n\n<div style=\"height:41px\" aria-hidden=\"true\" class=\"wp-block-spacer\"><\/div>\n\n\n\n<div class=\"wp-block-columns has-2-columns is-layout-flex wp-container-core-columns-is-layout-9d6595d7 wp-block-columns-is-layout-flex\">\n<div class=\"wp-block-column is-layout-flow wp-block-column-is-layout-flow\">\n<p class=\"has-text-align-right\"> <em><strong>Analogtechnik<\/strong><\/em> <\/p>\n<\/div>\n\n\n\n<div class=\"wp-block-column is-layout-flow wp-block-column-is-layout-flow\">\n<p>Langj\u00e4hrige Erfahrung mit allen Besonderheiten analoger Schaltungen; trotz Digitalisierung immer noch hoch anspruchsvoll, leistungsf\u00e4hig und schlichtweg notwendig.<\/p>\n<\/div>\n<\/div>\n\n\n\n<div class=\"wp-block-columns has-2-columns is-layout-flex wp-container-core-columns-is-layout-9d6595d7 wp-block-columns-is-layout-flex\">\n<div class=\"wp-block-column is-layout-flow wp-block-column-is-layout-flow\">\n<p class=\"has-text-align-right\"><strong><em>Leistungselektronik<\/em><\/strong><\/p>\n<\/div>\n\n\n\n<div class=\"wp-block-column is-layout-flow wp-block-column-is-layout-flow\">\n<p>DC\/DC-Wandler, Netzteile, Akkumanagement, alle Akkutypen, Ansteuerung von Motoren jedweder Art <\/p>\n<\/div>\n<\/div>\n\n\n\n<div class=\"wp-block-columns has-2-columns is-layout-flex wp-container-core-columns-is-layout-9d6595d7 wp-block-columns-is-layout-flex\">\n<div class=\"wp-block-column is-layout-flow wp-block-column-is-layout-flow\">\n<p class=\"has-text-align-right\"><strong><em>Mobile Embedded<\/em><\/strong><\/p>\n<\/div>\n\n\n\n<div class=\"wp-block-column is-layout-flow wp-block-column-is-layout-flow\">\n<p>Akkugest\u00fctzte Ger\u00e4te mit Displays, Tastatur und Schnittstellen zum Internet <\/p>\n<\/div>\n<\/div>\n\n\n\n<div class=\"wp-block-columns has-2-columns is-layout-flex wp-container-core-columns-is-layout-9d6595d7 wp-block-columns-is-layout-flex\">\n<div class=\"wp-block-column is-layout-flow wp-block-column-is-layout-flow\">\n<p class=\"has-text-align-right\"> <em><strong>Sensortechnik<\/strong><\/em> <\/p>\n<\/div>\n\n\n\n<div class=\"wp-block-column is-layout-flow wp-block-column-is-layout-flow\">\n<p>Alle Arten von Sensoren, z. B. Sensoren f\u00fcr Magnetfelder, Temperatur, Druck, Licht, Beschleunigung u.v.m. <\/p>\n<\/div>\n<\/div>\n\n\n\n<div class=\"wp-block-columns has-2-columns is-layout-flex wp-container-core-columns-is-layout-9d6595d7 wp-block-columns-is-layout-flex\">\n<div class=\"wp-block-column is-layout-flow wp-block-column-is-layout-flow\">\n<p class=\"has-text-align-right\"><strong><em>Optische Systeme<\/em><\/strong><\/p>\n<\/div>\n\n\n\n<div class=\"wp-block-column is-layout-flow wp-block-column-is-layout-flow\">\n<p>GHz-\u00dcbertrager \u00fcber Lichtwellenleiter<br>optoelektronische Systeme (Linsen, Objektive, embedded Optik)<\/p>\n<\/div>\n<\/div>\n\n\n\n<div class=\"wp-block-columns has-2-columns is-layout-flex wp-container-core-columns-is-layout-9d6595d7 wp-block-columns-is-layout-flex\">\n<div class=\"wp-block-column is-layout-flow wp-block-column-is-layout-flow\">\n<p class=\"has-text-align-right\"><strong><em>Hohe Frequenzen<\/em><\/strong><\/p>\n<\/div>\n\n\n\n<div class=\"wp-block-column is-layout-flow wp-block-column-is-layout-flow\">\n<p>Antennenanpassung, Transponder, Bluetooth, Monitoranbindung mit LVDS, VGA, HDMI, VGA-Kanalb\u00fcndelung \u00fcber Lichtwellenleiter <\/p>\n<\/div>\n<\/div>\n\n\n\n<div class=\"wp-block-columns has-2-columns is-layout-flex wp-container-core-columns-is-layout-9d6595d7 wp-block-columns-is-layout-flex\">\n<div class=\"wp-block-column is-layout-flow wp-block-column-is-layout-flow\">\n<p class=\"has-text-align-right\"><strong><em>EMV<\/em><\/strong><\/p>\n<\/div>\n\n\n\n<div class=\"wp-block-column is-layout-flow wp-block-column-is-layout-flow\">\n<p>EMV-Entwicklung und Verbesserungen bis zur Serienreife, Unterst\u00fctzung f\u00fcrs CE-Zeichen <\/p>\n\n\n\n<figure class=\"wp-block-video\"><video height=\"480\" style=\"aspect-ratio: 800 \/ 480;\" width=\"800\" controls src=\"https:\/\/www.ib-font.de\/wp-content\/uploads\/2023\/06\/IMG_2424_01_800x480.mov\"><\/video><\/figure>\n\n\n\n<p>(Industrie), e-Kennzeichnung (Kraftfahrtbundesamt)<\/p>\n\n\n\n<p>Erfahrung mit der gesamten EMV-Messtechnik<\/p>\n\n\n\n<p>Entwicklung von EMV-Pr\u00fcftechnik<\/p>\n\n\n\n<p>Pr\u00fcflings\u00fcberwachung f\u00fcr die EMV-Tests teilweise auch eigene EMV-Pr\u00fcfger\u00e4te im Haus<\/p>\n\n\n\n<p>Spezielle Anforderunen resultieruend aus den Produktgruppennormen <\/p>\n<\/div>\n<\/div>\n\n\n\n<div class=\"wp-block-columns is-layout-flex wp-container-core-columns-is-layout-9d6595d7 wp-block-columns-is-layout-flex\">\n<div class=\"wp-block-column is-layout-flow wp-block-column-is-layout-flow\">\n<p class=\"has-text-align-right\"><strong><em>Ex-Schutz<\/em><\/strong><\/p>\n<\/div>\n\n\n\n<div class=\"wp-block-column is-layout-flow wp-block-column-is-layout-flow\">\n<p>Besonders in der Messtechnik: Elektronik f\u00fcr den Ex-gesch\u00fctzten Bereich.<\/p>\n\n\n\n<figure class=\"wp-block-image size-full is-resized\"><img loading=\"lazy\" decoding=\"async\" src=\"https:\/\/www.ib-font.de\/wp-content\/uploads\/2024\/04\/EX-logo.svg_.png\" alt=\"\" class=\"wp-image-2453\" width=\"78\" height=\"67\" srcset=\"https:\/\/www.ib-font.de\/wp-content\/uploads\/2024\/04\/EX-logo.svg_.png 400w, https:\/\/www.ib-font.de\/wp-content\/uploads\/2024\/04\/EX-logo.svg_-300x260.png 300w\" sizes=\"auto, (max-width: 78px) 100vw, 78px\" \/><\/figure>\n<\/div>\n<\/div>\n\n\n\n<div class=\"wp-block-columns has-2-columns is-layout-flex wp-container-core-columns-is-layout-9d6595d7 wp-block-columns-is-layout-flex\">\n<div class=\"wp-block-column is-layout-flow wp-block-column-is-layout-flow\">\n<p class=\"has-text-align-right\"><strong><em>Automotive-Applikationen<\/em><\/strong><\/p>\n<\/div>\n\n\n\n<div class=\"wp-block-column is-layout-flow wp-block-column-is-layout-flow\">\n<p>mit CAN-Bus (Highspeed und Lowspeed), LIN-Bus <\/p>\n<\/div>\n<\/div>\n\n\n\n<div class=\"wp-block-columns has-2-columns is-layout-flex wp-container-core-columns-is-layout-9d6595d7 wp-block-columns-is-layout-flex\">\n<div class=\"wp-block-column is-layout-flow wp-block-column-is-layout-flow\">\n<p class=\"has-text-align-right\"><strong><em>ECAD<\/em><\/strong><\/p>\n<\/div>\n\n\n\n<div class=\"wp-block-column is-layout-flow wp-block-column-is-layout-flow\">\n<p>Eagle, Altium <\/p>\n<\/div>\n<\/div>\n\n\n\n<div class=\"wp-block-columns has-2-columns is-layout-flex wp-container-core-columns-is-layout-9d6595d7 wp-block-columns-is-layout-flex\">\n<div class=\"wp-block-column is-layout-flow wp-block-column-is-layout-flow\">\n<p class=\"has-text-align-right\"><strong><em>Software<\/em><\/strong><\/p>\n<\/div>\n\n\n\n<div class=\"wp-block-column is-layout-flow wp-block-column-is-layout-flow\">\n<p>Embedded \u00fcberwiegend mit ARM-\u00b5Controllern der Cortex-M-Serie, GUI: emWin<br>Python f\u00fcr Raspberry Pi<\/p>\n<\/div>\n<\/div>\n","protected":false},"excerpt":{"rendered":"<p>Analogtechnik Langj\u00e4hrige Erfahrung mit allen Besonderheiten analoger Schaltungen; trotz Digitalisierung immer noch hoch anspruchsvoll, leistungsf\u00e4hig und schlichtweg notwendig. Leistungselektronik DC\/DC-Wandler, Netzteile, Akkumanagement, alle Akkutypen, Ansteuerung von Motoren jedweder Art Mobile Embedded Akkugest\u00fctzte Ger\u00e4te mit Displays, Tastatur und Schnittstellen zum Internet Sensortechnik Alle Arten von Sensoren, z. B. Sensoren f\u00fcr Magnetfelder, [&hellip;]<\/p>\n","protected":false},"author":1,"featured_media":0,"parent":11,"menu_order":2,"comment_status":"closed","ping_status":"closed","template":"","meta":{"footnotes":""},"class_list":["post-207","page","type-page","status-publish","hentry"],"_links":{"self":[{"href":"https:\/\/www.ib-font.de\/index.php?rest_route=\/wp\/v2\/pages\/207","targetHints":{"allow":["GET"]}}],"collection":[{"href":"https:\/\/www.ib-font.de\/index.php?rest_route=\/wp\/v2\/pages"}],"about":[{"href":"https:\/\/www.ib-font.de\/index.php?rest_route=\/wp\/v2\/types\/page"}],"author":[{"embeddable":true,"href":"https:\/\/www.ib-font.de\/index.php?rest_route=\/wp\/v2\/users\/1"}],"replies":[{"embeddable":true,"href":"https:\/\/www.ib-font.de\/index.php?rest_route=%2Fwp%2Fv2%2Fcomments&post=207"}],"version-history":[{"count":30,"href":"https:\/\/www.ib-font.de\/index.php?rest_route=\/wp\/v2\/pages\/207\/revisions"}],"predecessor-version":[{"id":2457,"href":"https:\/\/www.ib-font.de\/index.php?rest_route=\/wp\/v2\/pages\/207\/revisions\/2457"}],"up":[{"embeddable":true,"href":"https:\/\/www.ib-font.de\/index.php?rest_route=\/wp\/v2\/pages\/11"}],"wp:attachment":[{"href":"https:\/\/www.ib-font.de\/index.php?rest_route=%2Fwp%2Fv2%2Fmedia&parent=207"}],"curies":[{"name":"wp","href":"https:\/\/api.w.org\/{rel}","templated":true}]}}